luate 77 - 98 - -17 - (1 + -16 - -2).
9
What is the value of 8 - (3 + (-8 + 1 - -3))?
9
Calculate 5 - (10 - (1 - (8 + -6))).
-6
What is (2 - -1) + -9 + -1?
-7
Calculate (37 - -1) + 400 + -395 + -8.
35
Evaluate 6 + 8 - (15 + -9) - -3.
11
27 - (18 + (-1 - 0 - (12 - 1)))
21
Evaluate -16 + (-10 - -12) - -17 - (0 + 13).
-10
Evaluate (-1 + -8 - -5) + 23 + (-1 - -1).
19
Calculate (48 - 57) + (-2 + -21 - (7 + -13)).
-26
7 - ((-14 - 9) + 9) - 15
6
Evaluate (19 - (6 - 4)) + (5 - 4).
18
What is 13 + (14 - (-12 + 43))?
-4
Calculate 0 + 15 - (116 + -96) - (1 - 11).
5
-12 + (0 + 4 - -4) + -29 + 22
-11
Calculate 4 + -7 + (3 + -2 - 4) - 6.
-12
(-12 - 12) + 11 + 8 + -4 + -1
-10
Evaluate -83 + 116 + 3 + -1 + 2.
37
Evaluate (20 - 4 - 12) + -2.
2
What is (11 + 4 - 13) + (-3 - -1) - 13?
-13
What is 6 + 3 - (3 + 0) - (2 + 18)?
-14
Calculate 2 - 4 - (-50 + 60).
-12
0 + (9 - (9 + -10 + 3))
7
What is -4 - -30 - (8 + 0 + -8 + 8)?
18
What is 15 - (-6 - (-9 - -11 - 15))?
8
Evaluate (32 + -18 - 4) + (1 - -1 - -5).
17
Calculate (4 - (4 + -1)) + 12 - (-40 + 40).
13
-10 + (7 - (1 + 1 - 6 - -5))
-4
Evaluate 235 - 226 - (-1 - -13) - -11.
8
Evaluate -4 - (3 + 9 + -19).
3
Calculate 7 + 6 + 1 + 0.
14
Calculate (56 - 29 - 8) + 3.
22
Calculate 39 + -66 + 29 + 4.
6
What is -3336 - -3322 - (0 + -7 - 2)?
-5
Evaluate (-3 - -7 - (2 + 12)) + 20.
10
Calculate -3 + -1 + -10 + 15 + 3.
4
Calculate 1 + -7 + (5 - -2 - (-2 + -6)).
9
What is the value of -3 - -11 - (13 - (3 + -6))?
-8
What is 0 - (37 - 17) - -27?
7
Evaluate 27 + -17 + -37 + 16.
-11
6 + 0 + (1073 - 1111)
-32
What is -393 + 392 - (1 - -6 - -2)?
-10
What is the value of (0 - 0) + -9 + 10 + -9 + 7?
-1
Calculate -20 - -16 - 3 - -6.
-1
What is (1 - (7 - (-5 + 7))) + 8 + 4?
8
(11 - -1) + (-2 - (11 + -12))
11
What is the value of -10 + (-6 - (-20 + 2) - 10)?
-8
What is (13 - (-4 + 1)) + (1 - 7)?
10
What is the value of 1 - 6 - (-15 - -7 - -10) - -22?
15
Evaluate -1 - 1 - (-12 + (9 - -3) - 2).
0
What is the value of 18 - (3 + -10 + 1) - (2 + -3)?
25
Calculate -12 - (-8 + (-9 - -13)) - -13.
5
(5 + 11 - 2) + 3 + -7
10
What is -14 - ((6 + -7 - 16) + (-23 - -32))?
-6
Calculate (1 + 5 + (13 - 25) - -6) + 6.
6
Evaluate -10 + 15 + (-8 - -3) + (-11 - -3).
-8
What is 10 - (5 + (-13 - 2)) - 8?
12
-28 + 4 - (11 + -25)
-10
What is the value of -36 - -21 - (4 - 5) - (-5 + -3)?
-6
Calculate -7 + -18 + 37 + 6.
18
Calculate 16 + (-33 - -13) + 18.
14
What is the value of -10 - 11 - (78 - 79)?
-20
14 + -30 - (-28 + 4) - (0 - -15)
-7
What is the value of (16 - 11) + (5 - (-2 - 5))?
17
Calculate 1 - (-13 + (3 - 9 - -8)).
12
-23 - (-4 + -10 - 29)
20
What is the value of -7 + 3 + 0 + 1 + 8?
5
(45 - (51 + -23)) + -36
-19
What is the value of -6 - (2 - 0) - 2 - (8 + -29)?
11
What is -25 + 12 + 5 + -8?
-16
Evaluate 24 + -16 + -18 + 6.
-4
Calculate (-3 - -2) + -15 - -8 - 5.
-13
What is the value of 1 - ((-3 - -1) + 4) - (15 - 16)?
0
Evaluate -3 + -6 + (0 - (14 - 20)).
-3
Calculate 4 + 0 - (-9 + 3 - -13).
-3
4 + 8 + -23 - -13
2
What is the value of -19 - 3 - -27 - 6?
-1
What is the value of -6 + (-5 - -4) + 7 + 7?
7
What is the value of 4 - (38 + -45) - (2 + -1)?
10
What is (1 - 15) + 23 + (-1 - 3)?
5
What is (15 + -22 - -14) + -16?
-9
Calculate (5 - (23 - 15)) + (-1 - 3) + 5.
-2
What is the value of -1 - (-5 - (0 + 6 - 4)) - -4?
10
Evaluate (5 - 17) + -8 + 34.
14
Evaluate -15 + (-3 + 8 - 4) + (1 - 0).
-13
What is the value of 1 + (1 - 18 - -7) - -14?
5
43 - (35 + -38 + 25)
21
24 - (3 - (-13 + 12))
20
Calculate -21 - (8 + 15 + -12 - 26).
-6
Calculate -41 + 37 - (-3 - (-6 + 12 - 9)).
-4
What is the value of (2 - 8 - (-7 - -23 - 18)) + 3?
-1
Evaluate 13 + 0 - (4 - (3 + -2) - 6).
16
(-3 - -13) + -19 + (-7 - -6) + 6
-4
0 + -3 + (27 - 15)
9
What is the value of -1238 - -1244 - (16 + (1 - 0))?
-11
What is the value of 1 + (3 - -6 - 25) - (2 - 9)?
-8
14 - (1 + -4 - -1 - -19)
-3
Calculate -6 - -5 - (4 - 8 - 4).
7
What is the value of (-3 - -22) + 9 + -38?
-10
Evaluate -1 + -1 + -2 + -8 + 16 + -11.
-7
-1 + -3 + (-5 - 8 - -11)
-6
What is the value of (9 - 8) + 7 + 1 - (-3 + -4)?
16
-2 - (-2 + 1) - (-53 + 126 + -50)
-24
Calculate 25 - (16 - (-15 - 7)).
-13
Evaluate -8 + (2 - -4 - (39 - 31)).
-10
Evaluate 5 + -6 - ((7 - (2 - -4)) + -14).
12
What is the value of (-3 - 11) + (13 - (14 + -6))?
-9
-6 + (-1 - (0 - 8)) - 6 - 7
-12
5 - (22 + (11 - 15))
-13
Evaluate -11 - 0 - (-41 - (6 + -36)).
0
Evaluate -3 + (-19 - (-12 - 3)).
-7
What is the value of 9 - (30 - (1 + 0) - (19 - 17))?
-18
Calculate (3 - 10 - -9) + -7 + 2 - 17.
-20
Evaluate -15 + 14 + 5 - 16.
-12
-1 - ((4 - 7) + -5) - (0 - -28)
-21
What is the value of 8 + 16 + -12 + 9 + -9?
12
Evaluate (3 - 2) + (37 - 53).
-15
What is the value of -38 + 4 + (4 - -10)?
-20
-6 + 10 + 0 + (-3 - -11)
12
Calculate 3 + 1 - (0 - (-10 - 14 - -12)).
-8
What is (2 - (12 - -3)) + -5 + (4 - 1)?
-15
What is the value of 18 + (3 + -9 - -1)?
13
What is 30 - 43 - (3 - 9)?
-7
What is -1 + 5 + (560 - 577)?
-13
Calculate (-48 - (-47 + 6)) + 2 + -1 + -6.
-12
Evaluate (2 - (-1 + 9)) + (4 - (-3 + 15)).
-14
Calculate -4 + 13 + 2 + 6 + (6 - 11).
12
What is -46 + (1 - -1) + -8 + 19 + -6?
-39
Evaluate (-8 - -29 - 9) + 9.
21
Calculate -3 - 37 - -33 - (1 - -3).
-11
21 - 19 - (6 + 2)
-6
Calculate 2 + 0 + (0 - 8) + 1.
-5
-12 + (-3 - (4 - 11) - -1)
-7
Evaluate (2 - -3 - (0 + -1 + 0)) + -16.
-10
14 - (-12 + 9) - (8 + -6)
15
Evaluate 5 + 2 - (12 + -16 - 4 - 2).
17
What is -15 + (3 - -36 - 15) + 12?
21
What is 17 + -7 - (-9 - (5 + -23) - 11)?
12
Evaluate 4 - (0 - (14 - 23 - -11)).
6
-7 + -2 + (53 + -17 - 3)
24
Calculate 30 - 0 - (28 + -21).
23
20 - 1 - (-33 + (-45 - -90))
7
Calculate 0 + (0 - 8) + (16 - (-5 + 6)).
7
What is the value of (-21 - -8 - (11 + -21)) + (-9 - -3)?
-9
What is (22 - 12) + (-13 - -22) - -12?
31
(43 - 81) + (1 - -49)
12
11 + 4 + (1 - 2) + 1
15
Calculate -35 + 25 + 16 + -4.
2
What is 7 - 1 - (14 + (7 - 19) - 2)?
6
Evaluate -5 + -3 + 1 - (4 - -2) - -4.
-9
What is 2 + -2 - (380 + -381)?
1
Evaluate -16 - (13 + -5 + 0 + -1).
-23
Evaluate 1 + -2 + 0 - 0 - (17 - 6).
-12
Calculate (-5 - 0) + (28 - 25) - 0.
-2
What is (12 - -3 - (9 + 6 + -8)) + 0?
8
Calculate (-10 - (-21 - -18)) + -6 + (1 - -1).
-11
Evaluate -12 - (36 - 32 - (-5 - -57)).
36
What is 21 - (61 + -20) - 4?
-24
7 + -7 + 13 + (-4 - -3)
12
What is -1 + 10 - (-6 + 5 + 9 + -6)?
7
What is (-8 - 0) + -23 + 10 + 24 + -2?
1
Evaluate -25 + (-4 - 23) + 31.
-21
Evaluate 8 + (-47 - -34) + -10.
-15
Calculate -11 + (3 - -2 - (-9 - -6)) - 7.
-10
Evaluate -12 - (-16 + 37) - ((0 - 1) + 0).
-32
(6 - -5) + -12 - -11 - -1 - -6
17
18 + -36 + -9 - (6 + -2 + -7)
-24
Evaluate (17 - 16) + (12 - 0).
13
Evaluate -60 + 38 - (-6 - 22).
6
What is the value of 0 + -5 - (55 + -55)?
-5
What is (-81 - -81) + 1 + 0?
1
What is (11 + -5 - 0) + -10 - -9?
5
1 + (17 - (-12 - -4)) + -15
11
What is the value of -5 - (-2 - (-6 + 8 + (-2 - 2)))?
-5
What is -10 - (-1 + 0) - (173 + -178) - 25?
-29
Calculate 8 + 1 + (-2 + (-12 - 2) - -17).
10
Evaluate 11 - (3 - (-11 - -12)).
9
What is -5 + (44 - 20) + -20?
-1
What is the value of -8 + 2 + 5 - -6 - 8?
-3
What is the value of -29 + 49 + -21 - -18?
17
Evaluate 2 + 3 + -19 - ((-6 - 0) + 14).
-22
Evaluate 5 + (-7 - -8) - (9 + (-1 - 0)).
-2
0 + (7 - (16 + -3))
-6
Evaluate -4 - (3 - (0 + (-8 - -5) + 5)).
-5
What is (-7 - (10 - 25)) + 8?
16
Calculate -1 + 1 + (1 + -2 - (180 - 178)).
-3
What is the value of 8 - (33 + 9 + -7 + -7)?
-20
Calculate 13 + (4 - (8 - -4 - 4)).
9
-20 - 1 - (21 - 29)
-13
What is 12 + 3 - (1 + 16 + -2)?
0
What is 154 + -153 - (1 + (-2 - 7))?
9
(-10 - -11) + -30 + 35
6
What is the value of 358 + -372 - (0 - 9)?
-5
What is the value of (2 - 0 - -2) + -12 + 3 - 8?
-13
-5 + (21 - -25) + -30
11
What is the value of -2 + 10 + (-14 + 3 + 2 - 2)?
-3
1 - -4 - (-200 - -194) - 5
6
Calculate (-1 + -15 - -5) + 4.
-7
Calculate (99 - 89) + (-2 - 0 - 3 - -2).
7
What is the value of (-14 + -5 - -14) + 2 + 7 + -7?
-3
What is the value of (4 - 4 - 2 - 2 - 2) + 4?
-2
-23 + 15 + (-19 - (-9 - 0))
-18
What is 40 + -57 + 6 + 3?
-8
11 + -7 + -12 + 2 + 3
-3
-3 - -1 - (23 + 7 + -22 + 6)
-16
-1 + -29 + 16 + -6 - -7
-13
Calculate 9 + (-3 + 2 - -3 - 9).
2
What is (-14 - (-1 - -7)) + 13 + -5?
-12
(6 - -2) + -6 - (-6 - -9)
-1
What is the value of (-19 - (-23 - -36)) + 54?
22
Evaluate -1 + 1 + 3 - (37 -